f 3844379.
7, 11, 49927
List the prime factors of 2425990.
2, 5, 7, 4951
What are the prime factors of 728296?
2, 59, 1543
What are the prime factors of 660420?
2, 3, 5, 1223
What are the prime factors of 8098824?
2, 3, 53, 6367
What are the prime factors of 1718372?
2, 269, 1597
List the prime factors of 8238555.
3, 5, 13, 14083
List the prime factors of 1081237.
1081237
List the prime factors of 261749.
17, 89, 173
List the prime factors of 24742781.
7, 3534683
List the prime factors of 7582291.
73, 103867
What are the prime factors of 200125?
5, 1601
List the prime factors of 75471.
3, 11, 2287
List the prime factors of 2543409.
3, 11, 23, 1117
List the prime factors of 2473534.
2, 7, 17, 19, 547
List the prime factors of 6211540.
2, 5, 310577
What are the prime factors of 115369?
43, 2683
List the prime factors of 514204.
2, 128551
What are the prime factors of 7527855?
3, 5, 17, 53, 557
List the prime factors of 145484.
2, 37, 983
What are the prime factors of 7731936?
2, 3, 19, 157
What are the prime factors of 7963098?
2, 3, 11, 13, 9281
List the prime factors of 8556951.
3, 13, 219409
What are the prime factors of 54021?
3, 11, 1637
List the prime factors of 67267.
137, 491
What are the prime factors of 703716?
2, 3, 13, 347
What are the prime factors of 1761479?
487, 3617
List the prime factors of 158015.
5, 11, 13, 17
What are the prime factors of 26173?
7, 3739
List the prime factors of 528376.
2, 66047
List the prime factors of 171493.
7, 24499
What are the prime factors of 2301906?
2, 3, 383651
What are the prime factors of 35916127?
13, 2762779
List the prime factors of 274310.
2, 5, 27431
What are the prime factors of 5238926?
2, 7, 11, 34019
What are the prime factors of 199990?
2, 5, 7, 2857
What are the prime factors of 4663825?
5, 23, 8111
List the prime factors of 198504.
2, 3, 919
What are the prime factors of 235221?
3, 7, 23, 487
What are the prime factors of 15731420?
2, 5, 149, 5279
What are the prime factors of 82800?
2, 3, 5, 23
What are the prime factors of 20213396?
2, 7, 37, 109, 179
What are the prime factors of 310202?
2, 43, 3607
What are the prime factors of 725154?
2, 3, 19, 6361
List the prime factors of 1142161.
1142161
What are the prime factors of 128335?
5, 25667
List the prime factors of 1330177.
1330177
What are the prime factors of 1933311?
3, 23, 28019
What are the prime factors of 3552339?
3, 7, 169159
List the prime factors of 1085413.
7, 19, 8161
List the prime factors of 17829723.
3, 1021, 5821
List the prime factors of 141365.
5, 7, 577
What are the prime factors of 310895?
5, 13, 4783
What are the prime factors of 9278260?
2, 5, 17, 29, 941
List the prime factors of 6907.
6907
What are the prime factors of 501497?
29, 17293
List the prime factors of 5797648.
2, 362353
List the prime factors of 2226655.
5, 223, 1997
What are the prime factors of 915281?
787, 1163
What are the prime factors of 5075568?
2, 3, 31, 379
What are the prime factors of 923876?
2, 230969
What are the prime factors of 27807?
3, 13, 23, 31
What are the prime factors of 1044306?
2, 3, 83, 233
What are the prime factors of 2496263?
7, 11, 17, 1907
What are the prime factors of 204988?
2, 7, 7321
List the prime factors of 788217.
3, 262739
What are the prime factors of 8622581?
11, 71261
List the prime factors of 3542180.
2, 5, 177109
List the prime factors of 19976377.
17, 73, 16097
List the prime factors of 3370830.
2, 3, 5, 112361
What are the prime factors of 8965806?
2, 3, 67, 22303
List the prime factors of 8274719.
8274719
List the prime factors of 11787397.
263, 44819
List the prime factors of 62246.
2, 31123
List the prime factors of 171982.
2, 85991
What are the prime factors of 1557045?
3, 5, 7, 4943
What are the prime factors of 233486?
2, 11, 10613
List the prime factors of 516005.
5, 7, 23, 641
List the prime factors of 5614152.
2, 3, 233923
List the prime factors of 137819.
11, 17, 67
List the prime factors of 2940394.
2, 71, 20707
What are the prime factors of 216202?
2, 7, 15443
List the prime factors of 4616855.
5, 923371
What are the prime factors of 1545384?
2, 3, 19, 3389
List the prime factors of 10260706.
2, 131, 39163
What are the prime factors of 1100459?
233, 4723
What are the prime factors of 23585249?
103, 228983
List the prime factors of 80459.
61, 1319
What are the prime factors of 2158420?
2, 5, 11, 9811
What are the prime factors of 857476?
2, 463
What are the prime factors of 44035?
5, 8807
List the prime factors of 3390867.
3, 23, 16381
What are the prime factors of 47640?
2, 3, 5, 397
List the prime factors of 1301945.
5, 17, 53
What are the prime factors of 9030213?
3, 17, 59021
What are the prime factors of 1536968?
2, 192121
What are the prime factors of 9084600?
2, 3, 5, 7, 103
List the prime factors of 13710797.
13710797
List the prime factors of 1546958.
2, 7, 47, 2351
What are the prime factors of 701616?
2, 3, 47, 311
List the prime factors of 1975978.
2, 17, 89, 653
What are the prime factors of 4221321?
3, 13, 17, 6367
What are the prime factors of 1208550?
2, 3, 5, 7, 1151
List the prime factors of 2069518.
2, 11, 19, 4951
What are the prime factors of 269214?
2, 3, 11, 4079
What are the prime factors of 1689866?
2, 197, 4289
List the prime factors of 79361.
61, 1301
What are the prime factors of 369646?
2, 184823
What are the prime factors of 11537331?
3, 13, 29, 101
List the prime factors of 288345.
3, 5, 47, 409
List the prime factors of 106567.
61, 1747
What are the prime factors of 797779?
43, 18553
List the prime factors of 605674.
2, 302837
List the prime factors of 1037906.
2, 518953
List the prime factors of 207834.
2, 3, 11, 47, 67
What are the prime factors of 20279?
7, 2897
What are the prime factors of 11704988?
2, 19, 233, 661
List the prime factors of 2248457.
23, 29, 3371
List the prime factors of 159407.
159407
List the prime factors of 649505.
5, 129901
List the prime factors of 530170.
2, 5, 53017
List the prime factors of 317839.
317839
What are the prime factors of 4365570?
2, 3, 5, 11, 13229
What are the prime factors of 383298?
2, 3, 193, 331
List the prime factors of 11607827.
7, 11, 233, 647
What are the prime factors of 1314778?
2, 47, 71, 197
What are the prime factors of 1213907?
1213907
List the prime factors of 100678.
2, 71, 709
What are the prime factors of 1575009?
3, 139, 1259
List the prime factors of 63843.
3, 13, 1637
List the prime factors of 7183964.
2, 1795991
List the prime factors of 3328030.
2, 5, 332803
What are the prime factors of 1618757?
7, 17, 61, 223
List the prime factors of 4594531.
1531, 3001
List the prime factors of 47520.
2, 3, 5, 11
What are the prime factors of 286789?
286789
What are the prime factors of 7042013?
11, 199, 3217
What are the prime factors of 1580962?
2, 790481
List the prime factors of 469202.
2, 379, 619
List the prime factors of 56066.
2, 17, 97
What are the prime factors of 790713?
3, 7, 11, 163
List the prime factors of 9357179.
13, 199, 3617
List the prime factors of 775189.
775189
List the prime factors of 1934430.
2, 3, 5, 17, 3793
List the prime factors of 172073.
11, 15643
List the prime factors of 7728.
2, 3, 7, 23
What are the prime factors of 5265393?
3, 7, 17, 43
List the prime factors of 1918748.
2, 13, 36899
What are the prime factors of 77245?
5, 7, 2207
What are the prime factors of 1751666?
2, 7, 125119
What are the prime factors of 1299208?
2, 17, 41, 233
List the prime factors of 4731253.
17, 211, 1319
List the prime factors of 45782.
2, 11, 2081
List the prime factors of 60347.
7, 37, 233
What are the prime factors of 6914508?
2, 3, 233, 2473
List the prime factors of 3934434.
2, 3, 7, 113, 829
List the prime factors of 410394.
2, 3, 68399
List the prime factors of 1115865.
3, 5, 137, 181
List the prime factors of 616641.
3, 17, 107, 113
What are the prime factors of 218825?
5, 8753
List the prime factors of 24420839.
31, 787769
List the prime factors of 581651.
7, 83093
List the prime factors of 1390501.
7, 271, 733
List the prime factors of 5631243.
3, 31, 151, 401
List the prime factors of 145761.
3, 7, 11, 631
List the prime factors of 3069364.
2, 449, 1709
What are the prime factors of 1717659?
3, 63617
What are the prime factors of 548186?
2, 274093
What are the prime factors 